(-11).
-4
Let t(j) = 64*j - 139. Give t(-14).
-1035
Let t(q) = 1583*q + 4853. Give t(-3).
104
Let y(a) = -7*a**3 + 105*a**2 + 59*a - 890. What is y(15)?
-5
Let c(p) = p**3 + 31*p**2 + 229*p + 12. Give c(-19).
-7
Let j(t) = 195*t - 316. Determine j(4).
464
Let g(j) = j**2 - 3*j. What is g(-2)?
10
Let t(m) = -m**3 - 5*m**2 - 72. Calculate t(-7).
26
Let s(i) = 8*i**3 + 2*i**2 + 30*i - 93. Give s(3).
231
Let d(c) = -5*c**3 - 16*c**2 - 11*c - 8. Give d(-4).
100
Let l(t) = -2*t - 46. Give l(-6).
-34
Let p(n) = -2105*n - 18948. Calculate p(-9).
-3
Let w(z) = 3*z**2 - 2941*z + 14635. Give w(5).
5
Let b(d) = -d**3 + 6*d**2 + 4*d - 2. Calculate b(6).
22
Let y(a) = 53*a**2 + 1167*a - 54. Give y(-22).
-76
Let u(z) = z**3 - 2*z**2 - 28*z + 15. Calculate u(6).
-9
Let p(g) = -12*g + 456. What is p(38)?
0
Let u(p) = 34*p**2 + 136*p - 5. Calculate u(-6).
403
Let m(i) = -i**2 - 74*i + 280. Give m(-78).
-32
Let g(l) = 4075*l + 97788. Calculate g(-24).
-12
Let o(f) = -10*f**3 + 94*f**2 + 53*f + 81. What is o(10)?
11
Let l(a) = -a**2 - 20*a + 1504. Determine l(-50).
4
Let j(s) = 8*s + 467. What is j(-63)?
-37
Let j(w) = -w**2 + 18*w - 28. What is j(13)?
37
Let s(u) = 2*u**3 - 20*u**2 - 21*u + 36. Give s(11).
47
Let b(u) = -25*u**2 - 375*u - 2. Determine b(-15).
-2
Let f(l) = -16*l**3 - 98*l**2 + 13*l + 150. Give f(-6).
0
Let w(g) = -15*g - 124. What is w(-10)?
26
Let r(g) = 4*g**3 - 18*g**2 - 20*g + 51. Give r(5).
1
Let u(h) = h**3 - 7*h**2 - 34*h + 99. Give u(2).
11
Let y(q) = q**2 - 38*q + 161. Give y(4).
25
Let w(p) = 10*p**2 + 45*p + 3. Give w(-5).
28
Let u(f) = 4*f**3 + 58*f**2 + 59*f - 25. Calculate u(-13).
222
Let g(r) = 2*r**2 + 59*r + 14. Determine g(0).
14
Let b(d) = -77*d + 412. Give b(3).
181
Let t(k) = 34*k**2 - 73*k + 5. Calculate t(2).
-5
Let f(s) = 7*s**3 + 2412*s**2 - 1031*s + 1374. What is f(-345)?
-6
Let k(v) = -v**2 - 6*v + 109. What is k(-18)?
-107
Let z(f) = -12*f + 119. Calculate z(13).
-37
Let z(o) = -932*o + 313151. Determine z(336).
-1
Let r(q) = q**2 - 19*q + 80. What is r(10)?
-10
Let y(n) = -n**3 + 40*n**2 - 59*n + 6003. Calculate y(42).
-3
Let b(h) = -h**3 - 10*h**2 + 703*h - 46. What is b(-32)?
-14
Let x(i) = 4*i + 93. Calculate x(0).
93
Let l(x) = -34*x**2 - 259*x - 436. What is l(-5)?
9
Let c(h) = -2*h**3 - 4*h**2 + 29*h + 71. Determine c(-3).
2
Let u(d) = d**2 - 2*d - 217. Calculate u(19).
106
Let q(v) = 4428*v + 4432. What is q(-1)?
4
Let f(x) = 468*x + 1873. Give f(-4).
1
Let r(i) = -i**2 - 20*i - 19. Determine r(-1).
0
Let z(d) = -d**2 + 63*d - 380. What is z(58)?
-90
Let n(c) = -c**3 - 8*c**2 + 1206*c + 7311. Determine n(-6).
3
Let i(l) = -2597*l - 18182. What is i(-7)?
-3
Let u(c) = -c**2 + 14*c - 70. Determine u(10).
-30
Let j(t) = 638*t + 54868. Calculate j(-86).
0
Let i(u) = 3*u - 23. Determine i(-9).
-50
Let z(v) = 7*v - 23. Give z(-30).
-233
Let h(j) = -1353*j - 6809. Give h(-5).
-44
Let m(n) = -n**3 + 133*n + 89. Give m(-11).
-43
Let j(o) = o**2 - 61*o - 614. What is j(-11)?
178
Let r(v) = -161*v - 17499. What is r(-109)?
50
Let x(s) = s**2 + 6932*s - 159958. Determine x(23).
7
Let x(k) = -81*k - 2914. Give x(-36).
2
Let q(b) = 14*b**2 - 764*b - 1533. Give q(-2).
51
Let a(i) = 75*i + 1902. What is a(-24)?
102
Let v(a) = -3*a**2 + 33*a - 96. Give v(8).
-24
Let b(d) = -9*d + 147. Determine b(4).
111
Let b(g) = -2023*g + 20214. Determine b(10).
-16
Let j(q) = -1403*q + 81390. Give j(58).
16
Let o(r) = -r**2 + 328*r - 26921. Give o(165).
-26
Let n(r) = 8*r**2 - 129*r + 8. Determine n(16).
-8
Let n(l) = -699*l + 7695. Determine n(11).
6
Let j(a) = 3*a**2 - 79*a + 504. Determine j(11).
-2
Let q(n) = 2056*n - 6037. Calculate q(3).
131
Let z(l) = 56*l**2 + 37*l + 1. Determine z(-1).
20
Let w(u) = -2*u**2 - 46*u + 154. Calculate w(-26).
-2
Let b(t) = t**3 - 26*t**2 - 54*t - 32. Determine b(28).
24
Let c(o) = 34*o - 976. What is c(30)?
44
Let b(p) = p**3 - 1463*p**2 - 16217*p - 36. What is b(-11)?
-3
Let k(z) = 2*z**2 - 36*z + 26. Give k(17).
-8
Let q(w) = 6*w**2 - 609*w - 304. What is q(102)?
2
Let o(y) = -y**3 - 8*y**2 + 15*y - 3. Calculate o(-7).
-157
Let f(m) = 5*m**3 + 35*m**2 + 4*m + 32. Give f(-7).
4
Let x(l) = 4*l**2 + 35*l - 18. Determine x(-9).
-9
Let k(l) = -2*l**2 + 97*l + 12. Determine k(44).
408
Let l(s) = 2*s**3 + 20*s**2 + 31*s + 118. Give l(-9).
1
Let s(t) = -4*t**2 - 777*t - 198. Determine s(-194).
-4
Let v(n) = 129*n - 5607. What is v(43)?
-60
Let h(x) = -x**3 - 84*x**2 - 399*x - 319. Calculate h(-79).
-3
Let w(t) = t**2 - 4*t - 50. Calculate w(10).
10
Let j(g) = -9*g**3 + 94*g**2 - 24*g + 26. Calculate j(10).
186
Let v(n) = 23*n**2 - 1014*n + 82. Give v(44).
-6
Let s(q) = 5*q**3 - 52*q**2 - 250*q + 2391. Give s(11).
4
Let c(d) = 29*d**2 - 187*d + 70. What is c(6)?
-8
Let t(r) = -199*r**3 + 25*r**2 + 23*r - 1. What is t(-1)?
200
Let m(o) = -354*o**2 - 32*o - 31. Give m(-1).
-353
Let a(m) = -m**3 - 3*m**2 + 8*m - 20. Calculate a(-4).
-36
Let i(p) = 38*p**2 + 16*p + 54. Calculate i(0).
54
Let d(v) = 2440*v + 34155. Determine d(-14).
-5
Let c(r) = -3*r**2 + 14. What is c(-7)?
-133
Let f(z) = -19*z - 35. Give f(-7).
98
Let y(w) = 12*w + 20. What is y(-16)?
-172
Let j(m) = m**3 + 68*m**2 - 140*m - 2. Calculate j(-70).
-2
Let s(a) = 81*a**2 - 1947*a + 72. Give s(24).
0
Let y(p) = 4*p**2 + 148*p + 535. Determine y(-33).
7
Let f(x) = x**2 + 897*x + 7112. Calculate f(-8).
0
Let q(d) = -d**3 - 17*d**2 - 64*d + 21. Give q(-11).
-1
Let r(d) = -88*d - 1336. Calculate r(-15).
-16
Let p(o) = -o**2 + 1938*o - 107212. What is p(57)?
5
Let x(h) = -3*h**3 - 17*h**2 + 170*h + 37. Give x(-11).
103
Let g(s) = s**2 - 28*s - 19. What is g(12)?
-211
Let l(c) = -1097*c - 20848. Give l(-19).
-5
Let i(p) = 33*p + 2882. Determine i(-87).
11
Let r(k) = 111*k - 11. Determine r(-2).
-233
Let t(r) = r**2 + 72*r - 679. Calculate t(-77).
-294
Let r(j) = 59*j + 1273. What is r(-23)?
-84
Let l(t) = t**3 - 9*t**2 + 6*t + 19. Determine l(7).
-37
Let b(y) = -6*y**3 + y**2 - 52*y + 50. Determine b(1).
-7
Let h(s) = s**2 + 63*s - 569. Determine h(8).
-1
Let b(m) = -4*m**3 - 5*m**2 + 9*m - 9. Give b(2).
-43
Let w(y) = -38*y**3 + 13*y**2 + 54*y + 7. Calculate w(-3).
988
Let a(i) = -i**3 + 4*i**2 + 14*i + 54. Calculate a(7).
5
Let w(h) = -h**2 - 17*h + 51. Give w(-16).
67
Let n(s) = -4923*s - 98466. What is n(-20)?
-6
Let f(j) = -5*j**2 - 62*j - 26. Calculate f(-5).
159
Let c(t) = 2*t**3 + 34*t**2 - 4*t - 101. Determine c(-17).
-33
Let d(a) = -a**3 + a**2 - 9*a + 21. Determine d(-4).
137
Let l(z) = -11*z**3 + 8*z**2 - z + 7. Calculate l(3).
-221
Let q(a) = 11*a - 529. Determine q(21).
-298
Let m(n) = -1369*n - 1371. What is m(-1)?
-2
Let l(s) = -54*s - 326. Determine l(-6).
-2
Let t(j) = 401*j + 2662. Calculate t(-7).
-145
Let z(r) = -2*r**3 + 11*r**2 + 180*r + 35. Give z(-7).
0
Let o(x) = x**3 + 12*x**2 + 13*x - 139. Determine o(-8).
13
Let b(p) = -57239*p - 400672. Give b(-7).
1
Let a(l) = 321*l - 1229. Give a(4).
55
Let n(f) = f**2 - 878*f + 4396. Give n(5).
31
Let v(s) = 4*s**3 - 4*s**2 - 7*s - 2. Give v(5).
363
Let o(l) = -2*l**3 + l**2 - 7*l - 8. Calculate o(-1).
2
Let s(i) = i**3 - 82*i**2 - 172*i + 350. Determine s(84).
14
Let m(n) = -2*n**3 + 5*n**2 + n. What is m(4)?
-44
Let g(a) = 8*a**2 + 53*a - 14. Determine g(-7).
7
Let p(t) = t**3 + 104*t**2 + 210*t + 613. Calculate p(-102).
1
Let w(s) = -3*s**2 + 187*s + 122. Give w(63).
-4
Let s(d) = d**3 - 28*d**2 + 43*d - 17. What is s(26)?
-251
Let g(f) = -3*f**2 - 432*f - 13676. Determine g(-97).
1
Let o(i) = -14*i**3 + 1133*i**2 + 82*i - 109. Determine o(81).
-28
Let s(v) = -v**3 - 227*v**2 - 1148*v - 8443. Determine s(-222).
-7
Let u(k) = -3*k**2 + 11*k - 11. What is u(7)?
-81
Let l(j) = -j**2 - 13*j + 35. Calculate l(7).
-105
Let t(d) = 12*d**2 + 403*d + 1208. What is t(-3)?
107
Let n(j) = 2*j**2 + 47*j + 217. Give n(-6).
7
Let u(s) = 237*s - 4026. Give u(17).
3
Let o(s) = s**2 + 233*s - 4241. Give o(17).
9
Let b(z) = z**3 + 19*z**2 + 29*z - 600. Give b(-10).
10
Let m(t) = -t**2 + 281*t - 2432. Give m(9).
16
Let n(l) = 331*l - 7608. Calculate n(23).
5
Let f(s) = s**3 + 92*s**2 + 520*s + 363. Calculate f(-86).
19
Let f(r) = 6*r + 96. Give f(10).
156
Let z(k) = 10*k + 14. Calculate z(-7).
-56
Let g(v) = 33*v - 3151. Give g(95).
-16
Let a(c) = c**3 - 20*c**2 + 13*c + 4. Give a(19).
-110
Let r(t) 